11100101101101111
In base 10, what is 21 - -2549171?
2549192
In base 9, what is 248550 - -10?
248560
In base 12, what is 6 - -376b261?
376b267
In base 5, what is -1202 - -3311021103?
3311014401
In base 12, what is -1480 - -20749?
1b289
In base 5, what is 23 + -413134132?
-413134104
In base 6, what is 4045 - -543544?
552033
In base 10, what is 1 - 67427519?
-67427518
In base 3, what is 2101002011122 + 22000?
2101002110122
In base 15, what is 27716 + -5c8?
2713d
In base 3, what is 122110011111 - -1021?
122110012202
In base 8, what is 3454 + -10461?
-5005
In base 12, what is -584702 + -4?
-584706
In base 8, what is 104 + 523767?
524073
In base 8, what is 5 + -25116422?
-25116415
In base 11, what is 8 - 741949?
-741941
In base 14, what is -1a366 + a48?
-1971c
In base 7, what is -1504115 - -146?
-1503636
In base 2, what is -1111 + 1101011000001011100100?
1101011000001011010101
In base 3, what is -21112102012110 - -20010?
-21112101222100
In base 9, what is -4863545 + 31?
-4863514
In base 5, what is -3342 - -2002001?
1443104
In base 7, what is -311 + 3223446?
3223135
In base 15, what is 1c8 + 419e1?
41bb9
In base 8, what is 13 + 11632576?
11632611
In base 7, what is -3 + -123516216?
-123516222
In base 6, what is 1154024353 - 4?
1154024345
In base 10, what is -44944929 - 0?
-44944929
In base 5, what is -2122 - 44102143?
-44104320
In base 10, what is -180 + 1050972?
1050792
In base 6, what is -104 - -1123521021?
1123520513
In base 6, what is -11423123 - 552?
-11424115
In base 3, what is -110122210120221 - 0?
-110122210120221
In base 9, what is -840071461 - 1?
-840071462
In base 10, what is 173461 - -529?
173990
In base 11, what is 247213 - 4?
24720a
In base 7, what is -103460 - -5241?
-65216
In base 5, what is -1233312 + -240310?
-2024122
In base 3, what is 12 - 20112011121011?
-20112011120222
In base 11, what is -261 - 66610?
-66871
In base 12, what is 17 + 1542aa7?
1542b02
In base 5, what is -22220232033 + -144?
-22220232232
In base 12, what is 3928383 - 5?
392837a
In base 3, what is 2012 + 2220102200021?
2220102202110
In base 16, what is -1a18 - -2f6?
-1722
In base 2, what is -11000100100 + -101010100010001?
-101101100110101
In base 13, what is -133b3 - 33?
-13416
In base 3, what is 1220012012011 + -1001?
1220012011010
In base 3, what is 1011 - 101021202111201?
-101021202110120
In base 10, what is -4 + -5230769?
-5230773
In base 6, what is 4 - 10121434?
-10121430
In base 3, what is -2122111022221 - -11?
-2122111022210
In base 12, what is -ab0 + -15138?
-16028
In base 13, what is -179c92 + -320?
-17a2b2
In base 9, what is 11 + -100772526?
-100772515
In base 9, what is -2853 + 37102?
34138
In base 12, what is -4 - 10b5185?
-10b5189
In base 7, what is -5 + 341521442?
341521434
In base 4, what is 3320 + 10001133?
10011113
In base 4, what is 2220221232223 - -3?
2220221232232
In base 4, what is -32220213 - -10033?
-32210120
In base 13, what is 150113 + -b2?
150031
In base 13, what is -5189099 + 2?
-5189097
In base 12, what is 1 - -b21b232?
b21b233
In base 16, what is -fe + -11f072?
-11f170
In base 3, what is 111220122010 - 12102?
111220102201
In base 13, what is 106b30b - -4?
106b312
In base 10, what is -7 - 702684?
-702691
In base 4, what is 323 + 22300300020?
22300301003
In base 12, what is 23645a3a + -2?
23645a38
In base 6, what is 3 - -1100245354?
1100245401
In base 11, what is -a + 2aa7a6?
2aa797
In base 14, what is 23587ab + 5?
23587b2
In base 5, what is -3 - -131224143233?
131224143230
In base 4, what is 103313132123013 - -11?
103313132123030
In base 5, what is -10401214104 + 1?
-10401214103
In base 4, what is 30333231300 + -10?
30333231230
In base 12, what is -231 + 85ba8?
85977
In base 2, what is -1001001000011001110001 + 1110?
-1001001000011001100011
In base 12, what is -3 - 402abb1?
-402abb4
In base 13, what is 70b + 4677?
5085
In base 16, what is -6bab + 1a94?
-5117
In base 13, what is -2686b94 - -a?
-2686b87
In base 5, what is 121034 - 1244033?
-1122444
In base 13, what is -41112 - -25?
-410ba
In base 7, what is -136606065 + 12?
-136606053
In base 10, what is 3 + 12030634?
12030637
In base 15, what is -d942d - -2b?
-d9402
In base 4, what is 301030031 - 10213?
301013212
In base 4, what is -30131103 + 213321?
-23311122
In base 15, what is 42b007 + 62?
42b069
In base 14, what is 19d6096 - -26?
19d60bc
In base 11, what is -10a659 - -184?
-10a485
In base 2, what is -1010101100010 + 11010011001?
-111011001001
In base 15, what is 292a39e + -4?
292a39a
In base 4, what is 21002020132001 + 3?
21002020132010
In base 11, what is 1165690 - -48?
1165728
In base 10, what is 879546 + 27?
879573
In base 16, what is a + -18420?
-18416
In base 4, what is -221 - -310223010231?
310223010010
In base 16, what is 10 - -1001f?
1002f
In base 16, what is -81 - -706244?
7061c3
In base 3, what is 2002121212022 - -22?
2002121212121
In base 3, what is -2022221101212 + 201?
-2022221101011
In base 14, what is 130447 + 120?
130567
In base 2, what is 1001111 + -10111111110110011?
-10111111101100100
In base 11, what is 91 - 687594?
-687503
In base 6, what is -110 + 4102502?
4102352
In base 16, what is d633c2 + -7?
d633bb
In base 15, what is -a637 + -11a?
-a752
In base 11, what is 7 + -1309739?
-1309732
In base 13, what is -17086 + 3c?
-17047
In base 9, what is 2107 - -5267?
7375
In base 13, what is -557a1 - -b21?
-54980
In base 11, what is 319119566 - -2?
319119568
In base 4, what is -100 + -1101212230?
-1101212330
In base 14, what is -19 + -a8c684?
-a8c69d
In base 6, what is -35121 + 2441?
-32240
In base 15, what is 4 - c71525?
-c71521
In base 11, what is 4a9 - -15a00?
163a9
In base 10, what is 5 + -405275200?
-405275195
In base 12, what is 179 + 249178?
249335
In base 2, what is -1 + 10011000010111100111101?
10011000010111100111100
In base 10, what is -52 + 13612?
13560
In base 12, what is 4 + 4231a?
42322
In base 9, what is 283534 - 547?
282876
In base 10, what is -19473 + 2228?
-17245
In base 11, what is -11158a5 + -1?
-11158a6
In base 7, what is -4 - 151455546?
-151455553
In base 6, what is -104 + -301130103?
-301130211
In base 6, what is -2202354 + -10010?
-2212404
In base 5, what is 3041 - -42042101?
42100142
In base 15, what is 2113 + -5cb?
1a37
In base 5, what is 32 - 4442100213?
-4442100131
In base 11, what is -867953 + -37?
-86798a
In base 12, what is -3 + -1050833?
-1050836
In base 2, what is -10101100001110110010010 + -11?
-10101100001110110010101
In base 8, what is 3 + -155677375?
-155677372
In base 13, what is -a4 - 51b30?
-51c04
In base 14, what is 2 - -3837353?
3837355
In base 4, what is 100200 - 1122110123?
-1122003323
In base 2, what is 10 - -1011000010100100010001?
1011000010100100010011
In base 16, what is 4f - -cf8c?
cfdb
In base 10, what is 37506 - 459?
37047
In base 4, what is -3203 + -31202301?
-31212110
In base 3, what is -1010 - 11020201121010?
-11020201122020
In base 9, what is -108 + -1758743?
-1758852
In base 3, what is 0 - -12021210022121122?
12021210022121122
In base 13, what is -30303 - -a15?
-2c5bb
In base 5, what is 0 + 41124221014?
41124221014
In base 10, what is 2928 - 1314?
1614
In base 3, what is 1201121010212111 + 1000?
1201121010220111
In base 11, what is -1a9 + 49779?
49580
In base 15, what is 3 - 21d073?
-21d070
In base 11, what is 115212454 - 2?
115212452
In base 3, what is 112120101000 + -201122?
112112122101
In base 2, what is -10111 + -10001100001001011101100101?
-10001100001001011101111100
In base 4, what is 201020 - 20102103?
-13301023
In base 14, what is 4a4 + -2bc?
1c6
In base 7, what is -1 + 1152322424?
1152322423
In base 10, what is 83 - 994047?
-993964
In base 12, what is b45b + -3077?
83a4
In base 12, what is 3 - -33a9a65?
33a9a68
In base 2, what is -10101 - -110011110101000000111?
110011110100111110010
In base 13, what is 2c5 - 38625?
-38330
In base 7, what is 1 - -10460021?
10460022
In base 10, what is -4 - -178754839?
178754835
In base 2, what is 110000010100001110 + -10001000010?
110000000011001100
In base 12, what is 52b40 - -31b?
5325b
In base 12, what is 10 - 5a9a8a?
-5a9a7a
In base 14, what is -92063 - -2?
-92061
In base 2, what is -10001111010001111001011111 - 10?
-10001111010001111001100001
In base 12, what is 5 + -6329ab19?
-6329ab14
In base 13, what is 431b5 - -52c?
43714
In base 13, what is 6bb0545b + 0?
6